{"id":2060,"date":"2023-02-02T09:24:47","date_gmt":"2023-02-02T14:24:47","guid":{"rendered":"https:\/\/ccibvhsl.ca\/?page_id=2060"},"modified":"2023-02-02T09:24:47","modified_gmt":"2023-02-02T14:24:47","slug":"communications","status":"publish","type":"page","link":"https:\/\/dev.sltm.ca\/?page_id=2060","title":{"rendered":"Communications"},"content":{"rendered":"<p>[vc_row][vc_column][vc_column_text]<\/p>\n<h2 style=\"text-align: center;\"><strong>D\u00c9NEIGEMENT:\u00a0<\/strong><strong>STATIONNEMENT DE NUIT AU C\u0152UR DU CENTRE-VILLE \u2013 HORAIRE D\u2019INTERDICTION MODIFI\u00c9<\/strong><\/h2>\n<p style=\"text-align: center;\"><strong>\u00a0<\/strong><\/p>\n<p><strong>Salaberry-de-Valleyfield, le 25 janvier 2023 \u2013\u00a0<\/strong>Lors de la derni\u00e8re s\u00e9ance du conseil municipal, la Ville de Salaberry-de-Valleyfield a annonc\u00e9 la cr\u00e9ation d\u2019une zone d\u2019exception au c\u0153ur du centre-ville concernant l\u2019interdiction du stationnement de nuit dans les rues et places publiques, en vigueur du 1<sup>er<\/sup>\u00a0d\u00e9cembre au 1<sup>er<\/sup>\u00a0avril afin de faciliter les op\u00e9rations de d\u00e9neigement.<\/p>\n<p>D\u00e9sormais, du mardi au dimanche, toute interdiction en vigueur d\u00e9bute \u00e0 minuit, au lieu de 22 h, dans la zone comprise entre les rues Victoria, Champlain, McLaren et le chemin Larocque.<\/p>\n<p>Cette modification r\u00e8glementaire vise \u00e0 faciliter l\u2019acc\u00e8s aux activit\u00e9s commerciales susceptibles de s\u2019\u00e9tendre au-del\u00e0 de 22h dans les restaurants, les bars et les salles de spectacles. Cet ajustement permettra une meilleure cohabitation des usages avec les besoins li\u00e9s au d\u00e9neigement.<\/p>\n<p><strong>Am\u00e9lioration du service aux citoyens |\u00a0<\/strong>La Ville rappelle que lib\u00e9rer la rue plus t\u00f4t permet aux entrepreneurs en d\u00e9neigement d\u2019effectuer un meilleur travail et donc d\u2019offrir aux usagers un meilleur service. L\u2019efficacit\u00e9 de cette mesure a d\u2019ailleurs \u00e9t\u00e9 prouv\u00e9e ces deux derni\u00e8res ann\u00e9es gr\u00e2ce \u00e0 la collaboration des r\u00e9sidents dans le cadre d\u2019un projet pilote.<\/p>\n<p>De mani\u00e8re g\u00e9n\u00e9rale, m\u00eame de jour, durant ou apr\u00e8s une chute de neige, il est demand\u00e9 d\u2019\u00e9viter de stationner en bordure de la rue, tant que le d\u00e9neigement n\u2019a pas \u00e9t\u00e9 compl\u00e9t\u00e9.<\/p>\n<p><strong>Publication de l\u2019avis |\u00a0<\/strong>Tous les jours, l\u2019avis d\u2019autorisation ou d\u2019interdiction est publi\u00e9 sur le\u00a0site Web\u00a0de la Ville sur la page\u00a0<a href=\"http:\/\/www.ville.valleyfield.qc.ca\/nuit\">ville.valleyfield.qc.ca\/nuit<\/a>. Les citoyens peuvent aussi consulter\u00a0le compte\u00a0<a href=\"https:\/\/twitter.com\/Valleyfield_ca\">Twitter<\/a>\u00a0et \u00e9couter le message vocal enregistr\u00e9 quotidiennement sur la ligne Info Neige : 450 373 NUIT (6848).\u00a0Enfin, ils peuvent \u00e9galement\u00a0s\u2019inscrire gratuitement au service automatis\u00e9 de messagerie texte,\u00a0<a href=\"http:\/\/www.ville.valleyfield.qc.ca\/vit\">VIT<\/a>\u00a0(Valleyfield info texto), sur la page\u00a0<a href=\"http:\/\/www.ville.valleyfield.qc.ca\/vit\">ville.valleyfield.qc.ca\/vit<\/a>. Un message texte sera envoy\u00e9 uniquement au d\u00e9but de chaque nouvelle p\u00e9riode de permission ou d\u2019interdiction. Durant cette p\u00e9riode, tous ont la responsabilit\u00e9 de s\u2019informer afin de savoir si l\u2019autorisation est en vigueur ou non.<\/p>\n<p><strong>Contravention et respect de la r\u00e8glementation |\u00a0<\/strong>En collaboration avec la S\u00fbret\u00e9 du Qu\u00e9bec, des contraventions peuvent \u00eatre distribu\u00e9es aux propri\u00e9taires de v\u00e9hicule qui ne respectent pas le r\u00e8glement. Les v\u00e9hicules peuvent \u00eatre remorqu\u00e9s. Dans un tel cas, les propri\u00e9taires doivent communiquer avec la S\u00fbret\u00e9 du Qu\u00e9bec au 310-4141 pour r\u00e9cup\u00e9rer leur v\u00e9hicule. Des frais de remorquage et de remisage sont alors exig\u00e9s.<\/p>\n<p>Information\u00a0:\u00a0<a href=\"http:\/\/www.ville.valleyfield.qc.ca\/nuit\">ville.valleyfield.qc.ca\/nuit<\/a><\/p>\n<p><strong>\u00a0<\/strong><\/p>\n<p>Source et information\u00a0\u00a0\u00a0\u00a0\u00a0\u00a0 :\u00a0\u00a0\u00a0\u00a0\u00a0\u00a0\u00a0\u00a0\u00a0\u00a0\u00a0\u00a0\u00a0\u00a0<strong>Service des communications et des relations publiques<\/strong><\/p>\n<p>450\u00a0370-4875 |\u00a0<a href=\"mailto:communications@ville.valleyfield.qc.ca\">communications@ville.valleyfield.qc.ca<\/a><\/p>\n<p><a href=\"http:\/\/ville.valleyfield.qc.ca\/\">ville.valleyfield.qc.ca<\/a>\u00a0|\u00a0<a href=\"http:\/\/www.facebook.com\/valleyfield\">facebook.com\/valleyfield<\/a><\/p>\n<p>&nbsp;<\/p>\n<p>Cr\u00e9dit photo ; Ville de Salaberry-de-Valleyfield<\/p>\n<p>.[\/vc_column_text][vc_row_inner][vc_column_inner width=&#8221;1\/2&#8243;][vc_single_image image=&#8221;2045&#8243; img_size=&#8221;large&#8221; alignment=&#8221;center&#8221;][\/vc_column_inner][vc_column_inner width=&#8221;1\/2&#8243;][vc_single_image image=&#8221;2049&#8243; img_size=&#8221;large&#8221; alignment=&#8221;center&#8221;][\/vc_column_inner][\/vc_row_inner][\/vc_column][\/vc_row]<\/p>\n","protected":false},"excerpt":{"rendered":"<p>[vc_row][vc_column][vc_column_text] D\u00c9NEIGEMENT:\u00a0STATIONNEMENT DE NUIT AU C\u0152UR DU CENTRE-VILLE \u2013 HORAIRE D\u2019INTERDICTION MODIFI\u00c9 \u00a0 Salaberry-de-Valleyfield, le 25 janvier 2023 \u2013\u00a0Lors de la derni\u00e8re s\u00e9ance du conseil municipal, la Ville de Salaberry-de-Valleyfield a annonc\u00e9 la cr\u00e9ation d\u2019une zone d\u2019exception au c\u0153ur du centre-ville concernant l\u2019interdiction du stationnement de nuit dans les rues et places publiques, en vigueur [&hellip;]<\/p>\n","protected":false},"author":1,"featured_media":0,"parent":0,"menu_order":0,"comment_status":"closed","ping_status":"closed","template":"","meta":{"footnotes":""},"class_list":["post-2060","page","type-page","status-publish","hentry"],"_links":{"self":[{"href":"https:\/\/dev.sltm.ca\/index.php?rest_route=\/wp\/v2\/pages\/2060","targetHints":{"allow":["GET"]}}],"collection":[{"href":"https:\/\/dev.sltm.ca\/index.php?rest_route=\/wp\/v2\/pages"}],"about":[{"href":"https:\/\/dev.sltm.ca\/index.php?rest_route=\/wp\/v2\/types\/page"}],"author":[{"embeddable":true,"href":"https:\/\/dev.sltm.ca\/index.php?rest_route=\/wp\/v2\/users\/1"}],"replies":[{"embeddable":true,"href":"https:\/\/dev.sltm.ca\/index.php?rest_route=%2Fwp%2Fv2%2Fcomments&post=2060"}],"version-history":[{"count":0,"href":"https:\/\/dev.sltm.ca\/index.php?rest_route=\/wp\/v2\/pages\/2060\/revisions"}],"wp:attachment":[{"href":"https:\/\/dev.sltm.ca\/index.php?rest_route=%2Fwp%2Fv2%2Fmedia&parent=2060"}],"curies":[{"name":"wp","href":"https:\/\/api.w.org\/{rel}","templated":true}]}}